21
Calculate (3 - 6) + 17 + -16 + 8.
6
What is -15 + 8 + 1 - (-1 + -5)?
0
-20 + 7 - -22 - (-2 + 26)
-15
Evaluate 49 - 56 - (-2 - 17).
12
365 + -353 + (1 - -7)
20
What is 17 - (13 - (18 + -11)) - 13?
-2
-12 + (-5 - -19) + -16 + -3
-17
What is 0 + 6 + (-11 - (-11 - -19))?
-13
What is -4 - ((-16 - 22) + 25)?
9
Evaluate 37 + -15 + -50 + 10.
-18
What is (0 - 8) + 211 + -218?
-15
(-43 - (7 - 25)) + 14
-11
What is -2 - (8 - (12 + -2 - (-39 + 44)))?
-5
What is 0 + -24 - (-826 - -806)?
-4
Calculate 7 + 20 - (-14 - -33).
8
What is 21 + -16 + 10 - 1?
14
Calculate (-2 - 2) + (-44 + 25 - -22).
-1
(-4 - 29) + (8 - (13 + -18))
-20
What is -51 - (-42 - -11) - -38?
18
Calculate (-83 - 23) + 40 + 24.
-42
What is the value of 3 + -2 + (-8 + 8 - -1)?
2
Calculate 6 - ((1 - (-31 + 3)) + 0 + -7).
-16
What is -8 + (-10 + 0 - (-1 + -1))?
-16
17 - ((3 - (-1 - -1)) + 1)
13
What is the value of -42 + (-3 - -8) + 25?
-12
(-6 - (31 + -28)) + (1 - -10) + -20
-18
Calculate (-2 - -13) + -27 + 12.
-4
Calculate 120 + -123 + -27 + 9.
-21
10 - (37 + -12) - -23
8
Calculate 30 - (-37 - (-55 - 21)).
-9
What is the value of 9 - ((-8 - -23 - 8) + -2)?
4
15 + -1 + -20 + 4
-2
What is the value of (14 + -9 - 1 - 11) + -6?
-13
Calculate (-2 - (8 - 5)) + 16 + -14.
-3
-7 + (12 + -34 + 20 - (-1 - 0))
-8
Calculate 23 + -1 + -4 + -3.
15
Evaluate 1 + 14 - (430 + -424) - 22.
-13
What is -46 - -12 - (-26 - -14)?
-22
(40 - 28) + -10 + -2
0
Calculate (-30 - -20) + -2 + 3 + (6 - 0).
-3
Evaluate -13 + (-22 + 4 - -14).
-17
Calculate 6 + 0 + (-40 + 21 - -31).
18
What is the value of -19 + (84 + -87 - (-1 + -3))?
-18
What is the value of 16 + 4 - 14 - (22 + (0 - 2))?
-14
Evaluate -4 + -6 + (-4 + 1 - -4) - 2.
-11
What is the value of -14 + 8 - (4 + (-4 - 0)) - 1?
-7
Evaluate (1 - (-1 - 1)) + (-387 - -382).
-2
What is -2 - ((-1 - 9) + 155 + -154)?
7
17 + -7 + (8 - 5) + -7 + -5
1
Calculate -133 + 135 + (1 + -1 - (41 - 21)).
-18
What is -17 + 9 - (-32 + 27)?
-3
What is the value of 18 + (-9 + -6 - -7) - (44 + 1)?
-35
What is 3 + -38 - (-514 + 494)?
-15
Calculate 27 + (-11 - (-16 - -39)).
-7
What is the value of (8 - 66 - -25) + 31?
-2
Calculate -1 - (1 - ((15 - -11) + -11)).
13
Evaluate -1 + -2 + (-15 - -9 - -10).
1
303 + -299 - (1 + -30 - (8 + -11))
30
Evaluate 11 + -15 + -4 - -12.
4
What is the value of 2 + (-4 - 2) + (17 - (0 + 2))?
11
-9 + -13 + 33 + 0
11
Calculate 25 - 6 - (-6 + 10).
15
-2 - 21 - (-629 + 614)
-8
What is the value of -35 + -43 + 86 - 16?
-8
-8 - (-9 + 0 + (5 - -13 - -2))
-19
What is (-11 - -1 - -9 - -3) + 0 + -15?
-13
What is 16 - 4 - 4 - (8 + -21)?
21
What is (5 - 3 - (8 - (-9 - -11))) + -4?
-8
Evaluate -108 + 111 + 8 + 3.
14
What is (102 - 104) + -6 + 30?
22
What is (2 - -8) + -1 + 0 - (-880 - -885)?
4
Evaluate 3 + -5 + -4 + 2 - (86 + -95).
5
Evaluate -11 + 32 + -1 + -7 - 10.
3
-4 + 28 + (-1 - 8)
15
Calculate 2 + -2 + 13 + -25.
-12
Evaluate -3 + (5 + 1 - (-4 + -26 + 19)).
14
1 + -10 + -4 + 4 - 15 - 3
-27
Calculate -6 + 7 + -13 + 5 - 1.
-8
What is 7 + -1 - (-33 + 44) - (0 + 6)?
-11
What is -9 + -1 - (186 + -183)?
-13
Evaluate -10 + (32 - 44) - -11.
-11
What is the value of -35 - -13 - -19 - -19?
16
Evaluate -6 + (4 - -5) + -14 + 3 - -25.
17
What is 9 + -3 - (-11 + -2 + (7 - 3))?
15
(0 - 0) + (26 - 25) - 15
-14
Evaluate -25 + (-10 - -24) - (-1 - 2).
-8
Calculate -17 + 19 + -9 + (-6 + 2 - 3).
-14
Calculate (59 - (5 - -40)) + -22 + 0.
-8
What is (6 + 4 - 6) + -4 - (-16 - 1)?
17
Calculate 2 + 0 - (1 + 7 + -84 + 70).
8
Evaluate 17 - 18 - (10 - 6 - 8) - 32.
-29
What is the value of (1 - 8) + (-9 - 12 - -4)?
-24
18 + -1 + (-150 - -147) + -8
6
Calculate (2 - 8) + 0 + (-19 - -33) + -9.
-1
Calculate -3 + -56 + 6 + 24.
-29
5 + 0 + -6 + 4
3
Evaluate 3 + -17 + 3 + (-2 - -8).
-5
-1 + (-1 - 5) + 4 - (-11 - 1)
9
-12 + (-38 - (1 + -33))
-18
What is the value of 0 + 6 + 20 + -12 + -49 + 32?
-3
Calculate -17 + 16 - (-1 - (0 + 0 - -1)).
1
What is the value of (-145 - -89) + (19 - 3) - -14?
-26
What is the value of -7 - ((66 - 70) + 2 + 27)?
-32
Calculate 45 + (-15 + -12 - -3).
21
What is the value of -12 - (-4 - 8) - -4?
4
What is (7 - (-4 - -2)) + -14 - 10?
-15
-3 - 2 - (-12 - (-3 - -1) - -2)
3
Calculate -15 + (-1 - 0) + 96 + -91.
-11
6 + (-18 + -12 - -25)
1
Calculate (2 - -7 - (-2 - -1)) + 8.
18
What is the value of -5 + (8 - (-4 + 2)) + 2?
7
What is the value of -112 + 107 + (1 - (4 + -32 + -1))?
25
-6 + 0 - (-68 + 68) - (-1 - 7)
2
-18 - (-2 - 18) - -3
5
What is -8 + -9 + -1 + 7?
-11
Calculate (0 - 0) + (-9 + 7 - -11).
9
Calculate 1 - -3 - ((4 - 4) + -5 + -2).
11
(-11 - (-43 + (12 - 0))) + -13
7
(-3 - 3 - -6 - -3) + 12 + -7
8
15 - 1 - (24 + -36 + 10)
16
Calculate 10 + (-5 - 10) + -8.
-13
22 - -23 - 15 - 27
3
What is -3 + -2 - (5 + 9 + -1 + -8)?
-10
Calculate 21 + (-29 - 11) - -36.
17
(-2 + 7 - -8) + (-31 - -34)
16
(-9 - -5) + (5 - 2 - -6) + -23
-18
What is the value of 1054 - 1050 - ((-2 - (2 + -1)) + -24)?
31
Calculate 2 + (4 - (-13 - (-3 - -5))).
21
Calculate 0 - (16 - (-7 + 3 + 1)).
-19
Evaluate 13 + (-25 - -14) + 3.
5
(5 - 11) + -1 + 4 - 5
-8
-10 + 10 + -3 + 0 - (-44 + 31)
10
What is -10 - (0 + -39 - (-92 - -89) - 9)?
35
Evaluate (19 - 9) + (5 - (4 + 4)).
7
What is the value of (4 - 15) + (-10 - (22 - 42)) - 11?
-12
-4 - (-2 - 16 - (10 - (14 + -6)))
16
What is the value of 1 - (6 + (-6 - (6 + -7))) - -12?
12
What is (350 - 300 - (1 + 7)) + -13 + 1?
30
What is the value of 0 + (-81 - -59) - (-1 - -1)?
-22
Evaluate (12 - 37) + -5 + -5 + 22.
-13
What is (8 - (-18 - -6 - -3)) + -4?
13
Calculate 3 + (23 - 2) + -7 + 4 + 11.
32
What is the value of (39 - 18) + -21 - 23?
-23
(1 - -5) + (-17 - (-32 + 15))
6
(27 - -7 - 31) + 0 + 5
8
What is 10 - 6 - 2 - (3 - (-6 + 3))?
-4
Evaluate -19 - (12 + -16 + -9).
-6
Evaluate -14 + 7 + 6 + -1 + -6.
-8
What is -18 + -13 + 14 + 28?
11
Evaluate -6 - ((-3 - (1 + -3)) + 5 - 35).
25
What is 210 + -228 + 37 + 0?
19
What is -19 - (29 + 12 + -63)?
3
What is -6 + -2 + (440 - 442)?
-10
What is 11 + -8 + 6 + 0 + -1 - 43?
-35
What is -11 + (11 - (18 + -6))?
-12
Calculate 0 - (-4 + (-1 - -1) - (281 - 276)).
9
What is (-29 - -30) + -4 + (0 + 0 - -2)?
-1
Calculate 18 - 26 - (-2 - (-2 - (-3 + 3))).
-8
Evaluate 6 - (6 - 0 - (3 + 0 - -2)).
5
Calculate 20 - (26 + -20) - (2 + -1 - -1).
12
What is 241 + -264 + (36 - 3)?
10
Calculate 5 + 12 + -10 + (3 - 7) + -2.
1
Evaluate 9 + -13 + (-4 - (1 + 4)).
-13
(-2 + -3 - (-14 + 1)) + (-1 - -2)
9
-15 + -4 + -3 - (-5 + 2 + 15)
-34
Calculate -4 + 5 + (-10 + 7 - -2) - 5.
-5
Evaluate -5 - ((6 - 17) + 9 + -16).
13
-10 - (-10 - (1 + -20))
-19
What is 7 + -1 - (-25 - (-14 - 7))?
10
(1 - -2) + -13 + 32 + (13 - 29)
6
Evaluate (11 + -11 - 10) + 20.
10
Calculate -1 + 14 + 11 - 34.
-10
Calculate 28 + (-5 - (20 + -13)).
16
Calculate 0 + 10 + -6 - -1.
5
Evaluate 0 + 22 + (-39 - -27).
10
Evaluate (-18 - (-2 + -8)) + 13.
5
-15 + (4 - -9) - (29 - -1) - -8
-24
-34 + 0 + 14 + -12 + (-19 - -25)
-26
What is the value of 10 + 3 + (-10 - -3) - (0 + 8)?
-2
Evaluate (349 - 341) + -3 + -24.
-19
What is -2 + (-1 - 20) - -31?
8
What is the value of 19 - (-32 + 46) - -32?
37
Calculate -161 + 123 + (25 - 4).
-17
What is the value of -17 - -21 - (-13 + 5)?
12
-13 - (-8 + 0 - -8)
-13
What is the value of 1 + (-7 - (4 + -7 + 0))?
-3
-34 + (-8 - 7) + 9 + 16
-24
1 + -5 + -4 - -7 - (2 - -3)
-6
Evaluate 7 - (-15 + 25) - (4 + -3 + 2).
-6
What is (5 + -31 - -20) + 18?
12
Evaluate 58 + -24 + (-7 - 9).
18
-2 + (-31 + (9 - -3) - -7)
-14
What is the value of (9 - (-4 - -8)) + 89 + -86?
8
38 + (-20 - 7) + 0 + -37
-26
What is 0 + 15 - 44 - -19?
-10
Evaluate (30 - 35 - 0) + -1 + 0 + 19.
13
What is (14 - (23 - 8)) + (-15 - -3)?
-13
-15 + (22 - 14 - -17)
10
-18 + 44 + -46 + -9
-29
What is the value of (-36 + 74 - 39) + (2 - (0 - -10))?
-9
What is -24 + 8 + (9 + -6 - 3 - -2)?
-14
Calculate (-7 - -2 - 1) + -60 + 79.
13
Calculate -88 + 82 - (-18 + (3 - 0)).
9
Evaluate -4 + -26 + 6 - (-63 - -63).
-24
(5 - 27) + 15 + -17 + -10 + 7
-27
What is -2 - ((-5 - -8 - 0) + -8)?
3
Evaluate 8 + -10 - (4 + 6 - 3).
-9
Evaluate (39 - 29) + (-18 - 0).
-8
Evaluate -118 - -113 - (-2 + -4).
1
What is the value of (-52 - -61) + -9 + 1 - -17?
18
What is (10 + 19 - 17) + -7?
5
What is 3 + -8 + 1 + 2 + 16?
14
Evaluate 3 + (-4 + 4 + -8 + 7 - 23).
-21
Evaluate -3 + -3 + (-10 - -7) - (4 + 0).
-13
40 + -44 + -1 + -1 + -4 +